6 and 51?
3
Calculate the greatest common factor of 798 and 7096614.
798
What is the greatest common divisor of 6006 and 10494?
66
Calculate the greatest common divisor of 13 and 3457.
1
Calculate the greatest common divisor of 779872 and 24.
8
What is the highest common factor of 19850 and 15086?
794
What is the greatest common divisor of 48802 and 1742?
26
What is the highest common factor of 15 and 45740?
5
Calculate the highest common divisor of 247 and 89167.
247
What is the greatest common divisor of 102 and 26628?
6
Calculate the greatest common factor of 154065 and 615.
15
What is the highest common divisor of 55 and 42548?
11
Calculate the highest common divisor of 132 and 574296.
12
Calculate the greatest common factor of 128 and 42496.
128
Calculate the highest common divisor of 54864 and 720.
144
What is the highest common divisor of 11368 and 539?
49
What is the highest common divisor of 92 and 28750?
46
What is the highest common divisor of 394704 and 144?
144
What is the greatest common divisor of 22382 and 62?
62
Calculate the highest common factor of 1253 and 10561.
179
Calculate the greatest common factor of 672 and 2541.
21
Calculate the greatest common factor of 971 and 1674975.
971
Calculate the greatest common factor of 42 and 107352.
42
What is the highest common factor of 236 and 2648746?
118
What is the highest common divisor of 569688 and 308?
28
What is the greatest common divisor of 156697 and 213?
71
Calculate the highest common divisor of 27184 and 174997.
1699
What is the greatest common factor of 72 and 131184?
72
Calculate the highest common divisor of 19931 and 14307.
19
Calculate the highest common factor of 1679 and 2737.
23
What is the greatest common factor of 2695 and 18205?
55
What is the highest common factor of 1127 and 2989?
49
What is the greatest common factor of 103520 and 110?
10
What is the highest common factor of 4 and 13021?
1
Calculate the highest common factor of 64124 and 23.
23
Calculate the highest common divisor of 5175 and 7200.
225
Calculate the highest common divisor of 12915 and 38115.
315
What is the highest common divisor of 7021555 and 115?
115
What is the greatest common factor of 368 and 5683024?
368
Calculate the greatest common divisor of 1099142 and 22.
22
What is the greatest common divisor of 24 and 2114808?
24
What is the greatest common factor of 52 and 1571401?
13
Calculate the highest common factor of 516 and 187296.
12
What is the greatest common divisor of 6230 and 7298?
178
Calculate the highest common divisor of 2882 and 583.
11
What is the highest common factor of 22496 and 114?
38
Calculate the highest common factor of 6950 and 725.
25
Calculate the highest common divisor of 279062 and 4991.
217
What is the greatest common divisor of 229 and 5520503?
229
Calculate the highest common factor of 19809 and 17205.
93
What is the highest common factor of 11 and 34837?
11
What is the highest common divisor of 99 and 75691?
11
Calculate the greatest common divisor of 42 and 543942.
42
What is the greatest common divisor of 1050 and 428550?
150
What is the greatest common divisor of 1524 and 828?
12
What is the greatest common factor of 96 and 34572?
12
What is the greatest common divisor of 2323695 and 495?
165
Calculate the highest common divisor of 1925 and 330715.
385
What is the greatest common factor of 6885 and 82195?
85
Calculate the highest common divisor of 53 and 118508.
53
What is the greatest common factor of 145 and 28333?
29
What is the greatest common divisor of 16191 and 1449?
63
What is the highest common factor of 570 and 1620?
30
What is the highest common divisor of 66508 and 234?
26
What is the highest common divisor of 624 and 17186?
26
What is the greatest common factor of 892754 and 2698?
142
Calculate the highest common divisor of 43788 and 3738.
534
What is the highest common divisor of 1012905 and 90?
45
What is the greatest common factor of 3047 and 9427?
11
What is the highest common factor of 807835 and 35?
35
Calculate the highest common factor of 224000 and 6125.
875
What is the highest common divisor of 100 and 648275?
25
What is the highest common divisor of 16470 and 267790?
610
Calculate the greatest common divisor of 776 and 68676.
388
Calculate the greatest common factor of 484 and 27896.
44
What is the greatest common divisor of 650 and 104?
26
Calculate the highest common factor of 5811 and 87761.
149
What is the highest common factor of 83 and 462227?
83
What is the highest common divisor of 11372 and 12?
4
What is the highest common factor of 3912 and 114?
6
What is the greatest common divisor of 435 and 1048785?
435
Calculate the greatest common factor of 4389 and 3157.
77
Calculate the highest common factor of 199 and 153230.
199
What is the greatest common divisor of 794 and 83767?
397
Calculate the highest common factor of 79 and 1178759.
79
Calculate the highest common divisor of 27624 and 120.
24
What is the greatest common factor of 66338 and 410?
82
What is the greatest common divisor of 3825 and 625?
25
Calculate the greatest common factor of 153 and 358989.
51
What is the highest common divisor of 9 and 1342?
1
What is the highest common divisor of 888 and 7824?
24
What is the highest common divisor of 24 and 426588?
12
What is the greatest common factor of 81970 and 210?
70
Calculate the greatest common factor of 123 and 14883.
123
What is the highest common divisor of 151317 and 215?
43
What is the greatest common factor of 1260 and 114930?
90
What is the greatest common factor of 104 and 171574?
26
What is the highest common divisor of 16712 and 80?
8
What is the highest common factor of 690 and 102948?
138
Calculate the highest common divisor of 4428 and 29214.
54
Calculate the highest common factor of 76 and 8189.
19
What is the highest common factor of 34350 and 12600?
150
What is the highest common factor of 86 and 738482?
86
What is the highest common divisor of 340 and 2330?
10
What is the greatest common divisor of 80 and 197020?
20
What is the greatest common divisor of 5460 and 510?
30
What is the greatest common divisor of 6504 and 792?
24
What is the greatest common factor of 3575 and 832?
13
What is the highest common factor of 260 and 168220?
260
What is the greatest common factor of 1240150 and 1275?
425
What is the greatest common factor of 34969 and 3?
1
Calculate the highest common factor of 80 and 155060.
20
What is the highest common factor of 258 and 14921?
43
Calculate the greatest common factor of 320 and 594340.
20
Calculate the highest common divisor of 31610 and 327.
109
What is the highest common factor of 1450 and 8200?
50
Calculate the highest common divisor of 182 and 208.
26
Calculate the highest common divisor of 64 and 43936.
32
What is the greatest common factor of 22 and 15523090?
22
Calculate the highest common factor of 9102 and 15744.
246
Calculate the greatest common divisor of 1982 and 26.
2
What is the highest common divisor of 7366 and 4930?
58
Calculate the highest common factor of 49622 and 344.
86
What is the greatest common factor of 9971 and 41912?
169
What is the greatest common divisor of 48 and 60896?
16
What is the highest common divisor of 14080 and 1012?
44
What is the highest common factor of 132 and 128337?
33
What is the highest common factor of 1555 and 513461?
311
Calculate the greatest common factor of 185146 and 26.
26
What is the highest common divisor of 3 and 9901?
1
What is the greatest common divisor of 51736 and 23638?
446
What is the greatest common divisor of 20383 and 272?
17
What is the greatest common divisor of 95 and 371640?
95
What is the greatest common factor of 2058 and 1?
1
Calculate the highest common divisor of 179024 and 40736.
1072
What is the highest common divisor of 271721 and 326?
163
What is the highest common divisor of 948340 and 20?
20
Calculate the greatest common factor of 66268 and 36.
4
What is the greatest common factor of 6742821 and 1467?
489
Calculate the highest common divisor of 1273 and 440257.
67
Calculate the highest common factor of 4960 and 7840.
160
What is the highest common factor of 162183 and 21?
21
Calculate the highest common divisor of 358586 and 2624.
82
Calculate the highest common factor of 1659 and 